*z**2 - 73. What is q(-4)?
-50
Suppose o + g - 46 = 0, -2*g + 4 - 2 = 0. Let v = -41 + o. Let a(u) = -u + 2. Give a(v).
-2
Let q(k) = -k + 14. Let y be q(11). Let j(f) be the second derivative of 1/12*f**4 + 0 + f**2 - f**y - 2*f. What is j(5)?
-3
Let a(u) = 6 - 6 - u + 6. Let w(r) = r**2 + 15*r - 1. Let x be w(-15). Let k(i) = -5*i**3 - i**2 - 2*i - 1. Let j be k(x). Determine a(j).
1
Let l(y) = -y. Let q = -1414 + 1418. What is l(q)?
-4
Suppose -2*u = 2*d + 4, u + 2*d + 3*d - 14 = 0. Let p(r) = 6*r**2 + 6*r - 4. Let l(o) = 7*o**2 + 6*o - 5. Let f(j) = -5*l(j) + 6*p(j). Determine f(u).
1
Let z(b) = -b**3 - 5*b**2 + 3*b + 2. Let v(x) = -76*x - 232. Let l be v(-3). What is z(l)?
-26
Suppose -4*m + 3 = s, 4*s + 8 = 5*m + s. Suppose 4*k - 3 = 5. Let h(i) = 0*i**k - 7*i**3 + 4*i**3 + 10*i**3 - i**2. Calculate h(m).
6
Let i = -8 + 4. Let m be (-24)/(-14) + i/(-14). Let z(j) = -1 - 371*j + 207*j + 168*j. What is z(m)?
7
Let d(u) = -u. Let a(x) = -x**2 + 4*x - 1. Let s(f) = -f**3 - 10*f**2 - 14*f + 13. Let c be s(-8). Let p(g) = c*d(g) + a(g). Determine p(6).
5
Let y be (891/(-36))/11*-4. Let f(r) be the first derivative of -1/2*r**2 - y*r + 8. What is f(-4)?
-5
Suppose -3*x = -p - 15, p - 5*p - 8 = x. Let f(q) = -q**3 + 11*q**2 - 5*q + 2. Let r(h) = -h**3 + 9*h**2 - 5*h + 1. Let z(k) = -2*f(k) + 3*r(k). What is z(x)?
-5
Let r(s) = s + 4. Let j = -343 + 339. What is r(j)?
0
Suppose -5 = -4*g - 17. Let h(v) = -4*v - 8. Let x(d) = -1. Let y = 5 + -4. Let k(o) = y*h(o) - 4*x(o). Give k(g).
8
Let c(z) be the first derivative of z**4/2 - z**3 + 3*z**2/2 - z + 12. Calculate c(2).
9
Let a(w) be the first derivative of w**4/4 + 5*w**3/3 + 5*w**2/2 + 6*w + 2. Suppose -9*o - 36 = -0*o. Determine a(o).
2
Suppose 2*w = -4*m + 22, 3*w - 5*m - 5 = -w. Let j(x) = x**2 - 4*x - 5. What is j(w)?
0
Let u(h) = 13*h + 5*h + 8*h - 32*h - 1 + 5*h. Let o be (1*-2)/(12/30). Give u(o).
4
Let j(y) = -y**2 + 3*y + 2. Let m be ((-4)/6)/((-7)/42). Let w be j(m). Let h(z) = -11*z**2 - 15*z**2 - 2 + z + 29*z**2. What is h(w)?
8
Let v(t) be the second derivative of -t**4/12 + 13*t**2/2 - t. Let c(j) = -j**3 - 8*j**2 + 11*j + 18. Let b be c(-9). Let k be b + -4 + 2 + 2. Give v(k).
13
Let x(r) be the second derivative of r**3/6 - 9*r**2/2 + r - 96. Determine x(3).
-6
Let h(r) = r**3 + 4*r**2 - 6*r - 11. Suppose -c - 3 = -2*n, 3*c = -5*n - 246 + 226. Give h(c).
-6
Let i(m) = -4*m - 3*m + 5*m - 2*m + m**2. Let t be 2 + -4 - 5*2/(-2). What is i(t)?
-3
Let f(s) be the third derivative of 1/6*s**3 - 1/60*s**5 + 27*s**2 + 1/6*s**4 + 0 + 0*s. Calculate f(2).
5
Let a(k) = 37*k + 15. Let g(y) = -5*y + 1. Let p(d) = a(d) + 6*g(d). What is p(-3)?
0
Let f(a) = 1234*a - 7 + 34 - 1240*a. Calculate f(6).
-9
Let l(f) be the second derivative of 9*f + 0 + 2/3*f**3 - 3/2*f**2 - 1/12*f**4. Calculate l(2).
1
Let n(h) be the second derivative of h**4/12 + 7*h**3/3 + 13*h**2 + 2*h - 398. Give n(-13).
13
Let h(w) = 7*w + 12. Let b(y) = -2*y**3 + 17*y**2 - 3*y - 44. Let s be b(8). Calculate h(s).
-16
Let a(i) = i**3 - 5*i**2 + i - 6. Suppose 16 = 4*q, f + 5*q - 18 = 6. Let r = 85 - 83. Suppose -u - o + 5 = -2*o, -f*o - 10 = -r*u. Give a(u).
-1
Let p(r) = -2*r**2 - 78*r + 6. Let k be p(-39). Let q(j) = -j**2 + 11*j - 19. Give q(k).
11
Let c(j) = -4*j - 14. Suppose 68 - 58 = -2*q. Let b be c(q). Let v(r) = -r**2 + 4*r + 7. Determine v(b).
-5
Let r(c) = 3*c**2 + 1. Suppose -15*d - 16*d = -31. Determine r(d).
4
Let j(v) = -v**2 - 16*v + 20. Let f be j(-17). Let n(h) = 0*h + h + 1 - f. Suppose -3*u = -0*u. Calculate n(u).
-2
Let p(v) = v - 4. Let i(d) = -d**3 - 4*d**2 + 3*d + 3. Let g be i(-4). Let t = -16 + 25. Let b = g + t. Determine p(b).
-4
Suppose f = 5*m - 9, -2*f = -142*m + 145*m - 8. Let l(x) = 6*x**3 - 3*x**2 - x + 2. Determine l(m).
36
Suppose -2*i - 3 = -27. Suppose j - i = -j. Let y(q) = 3*q**2 + 2*q**2 - 4 - q**3 - 1 + j*q. Give y(6).
-5
Let l(g) = 2*g - 3. Suppose -12*v - 8 = -2*t - 11*v, -t + v + 6 = 0. Determine l(t).
1
Let w(u) = -u - 2*u + u**3 + 2*u**2 - 4 + 1 - u. Let d(f) = -2*f + 5. Let x be d(4). Give w(x).
0
Let k(p) be the third derivative of 0 + 0*p + 1/8*p**4 + 1/60*p**5 + 0*p**3 - 17*p**2. Give k(-5).
10
Let i(b) = 3*b**3 - 4*b**2 + 4*b - 3. Suppose -n + 4*f = -10, 2*n - 3*f - 2 = 4*n. Suppose -2*m + 2 = -n. Give i(m).
13
Let m(o) = -o**2 + o + 2. Let a = -13 + 29. Let s = -26 + a. Let r(h) = -h - 12. Let x be r(s). Give m(x).
-4
Suppose 5*k + 17 - 2 = 0. Suppose -5*j = -5*a + 3*a - 65, 3*j - 3*a - 30 = 0. Let m(i) = -15 - j + i + 31 + i**2. Determine m(k).
7
Let g(l) be the third derivative of -l**6/120 - l**5/15 + 5*l**4/24 + l**3/6 - 6*l**2 - 4*l. Determine g(-5).
1
Let b(t) = -2*t**3 + t**2. Let k(c) = 7*c**3 - 13*c**2 + 10*c + 3. Let u(m) = 3*b(m) + k(m). Calculate u(9).
12
Let g(p) = -p**3 - 4*p**2 - p + 2. Suppose 7 + 5 = -2*b. Let u = -4 - -6. Let k be (b/(-4))/((-1)/u). Calculate g(k).
-4
Let l(m) = 21 - 3*m - 18 + 4*m + 0*m. Let k be -7 - (-1)/(-2)*2. Let d be l(k). Let i(o) = -2*o + 4. What is i(d)?
14
Let s(i) be the first derivative of 4 - 3 + 3 - 7*i**2 - 22. What is s(1)?
-14
Suppose -164 = 5*z + 1. Let l = -2382 - -2422. Let x = l + z. Let s(g) = g**3 - 8*g**2 + 6*g + 7. Calculate s(x).
0
Let j(z) be the third derivative of -z**5/30 + z**4/12 + z**3 + 421*z**2. Calculate j(-2).
-6
Let k(a) = -a - 7 + 12 + 0 - 6. Determine k(-5).
4
Let q(c) = -c**3 - 6*c**2 - 5*c + 2. Suppose -3*f + 12 = -a - 6*f, -5*a = 5*f + 40. Let t be 3*(-2 + a/(-9)). Calculate q(t).
-10
Let m(l) = 5*l**3 - 19*l**2 + 4*l + 51. Let j(z) = -z**3 + 4*z**2 - z - 10. Let o(i) = -11*j(i) - 2*m(i). Determine o(5).
-2
Let o(y) = 5. Let p(k) = 14*k + 21. Let j(u) = 4*o(u) - p(u). What is j(3)?
-43
Let i(n) = 5*n**2 + 11 - 13 + 2*n**3 - 2*n**3 + n**3. Suppose 19 = -3*s + 4. Give i(s).
-2
Suppose -k + 4*k = 18. Let x(v) = -3*v + 5 + 2*v - k. Let m = -978 - -981. What is x(m)?
-4
Let p(q) be the second derivative of -q**5/20 + 7*q**4/12 - q**3/6 - 7*q**2/2 - 20*q - 1. Give p(6).
23
Let s(x) = 2*x**2 + 7*x. Let m be 7/((-70)/(-15))*(-16)/(-6). Suppose 0 = m*k - 2*k + 10. What is s(k)?
15
Let a(c) = 5*c + 16. Let b(u) = 17*u + 51. Let n(q) = 7*a(q) - 2*b(q). Determine n(8).
18
Let h(p) = p**3 - 7*p**2 - 5*p - 2. Let q(w) = -3*w**2 + 22*w - 16. Let s be q(6). Determine h(s).
22
Let n(z) = z - 1. Suppose 4*s + 43 - 127 = -4*b, -5*b = -s - 81. Let j = b - 15. Suppose 4*f - 16 = -m, j*m = f + 3 + 2. Determine n(m).
3
Let q(n) be the second derivative of -n + 1/12*n**4 - 4 + 8*n**2 + 1/6*n**3. Determine q(0).
16
Let t(n) = 4*n - 1. Let y = -81 + 93. Suppose -3*i - 2*k = -7, 4*i - 15 = 5*i + 5*k. Suppose i*g - y = 2*q, 0 = 4*q + 1 + 3. Determine t(g).
7
Let m be (12/10)/((-12)/(-200)). Let s = m - 18. Let y(c) = 5*c**s - 3*c**2 + 2*c**2 - 3*c - 8 - 3*c**2. Determine y(6).
10
Suppose -2*u - 10 = -4*l + 6*l, 4*l = -4. Let d(c) = -c**3 + 0 + 8*c + 6 - 4*c**2 - 4*c. Determine d(u).
-10
Let q(g) = -g**2 + 6*g - 2. Let t(x) = x**3 + 6*x**2 + 3*x + 4. Let j be t(-6). Let s = j + 18. Suppose -s*p - 18 = -7*p. What is q(p)?
-2
Let b(r) be the first derivative of r**3/3 + 4*r**2 + 5*r - 65. What is b(-7)?
-2
Let w(k) = 11*k + 10 + 9*k - 23*k + 23*k. Let g(q) = 7*q + 3. Let m(s) = -4*s - 2. Let f be m(-2). Let a(h) = f*w(h) - 17*g(h). Give a(0).
9
Let w(l) be the second derivative of 12*l + 0 - 9/2*l**2 + 1/6*l**3. Give w(7).
-2
Let q(h) = h**3 + h**2 - 2*h - 3. Let c = -178 - -176. Calculate q(c).
-3
Suppose v - 2 - 5 = 0. Let b(x) = -5*x**2 - 5*x + 11. Let q(j) = -2*j**2 - 3*j + 5. Let t(k) = v*q(k) - 3*b(k). Give t(6).
2
Let w(o) = o**3 - 4*o**2 - 7*o - 2. Let i be 6 + ((-20)/(-8))/(-5)*2. Suppose -3*d - 28 = -i*p, -6 = -p + 5*d + 4. What is w(p)?
-12
Let m(x) = x**3 + x**2 + x - 1. Let y(n) = -n - 1. Let i(j) = -m(j) + 3*y(j). Suppose -62*a - 88 = 44 + 54. Give i(a).
28
Let c(i) be the third derivative of i**4/8 + 2*i**3 + 16*i**2 + 8*i. Determine c(8).
36
Let y(b) = 5*b + 1. Suppose 0 = -3*x + 2*u + 4 + 1, x + 20 = 5*u. Let o(i) = 3*i - 8*i - i**3 + 6*i**2 - 1 + 2. Let k be o(x). Give y(k).
6
Let u(s) = 8*s**3 - 7*s**2 + 4*s. Let l be u(1). Let a(w) be the second derivative of w**5/20 - w**4/3 - 5*w**3/6 - 7*w**2/2 + w. What is a(l)?
-7
Let y be 56/(-42)*((-1)/(-2) + -2). Let t(m) = 33 - 3*m - 28 - m**y - m. Give t(-4)